?
23
Let p = -330 + 1235. Let b = -632 + p. Calculate the remainder when 2/3 + b/9 is divided by 11.
9
Suppose -v + 21 = 3. Let j(t) = t**3 + 2*t**2 + t. Let k be j(-1). Suppose k = 3*r - 5 - 25. Calculate the remainder when v is divided by r.
8
Let n(h) = h - 1. Let k be n(-5). Suppose v - 4*v = -15. Calculate the remainder when (24/2)/(k/(-4)) is divided by v.
3
Let p = 30 - 13. What is the remainder when p is divided by 3?
2
Suppose -3*q - 12 = 0, 4*r - 7 = q - 3. Suppose -4*h + 3*y - 218 = r, y = 2*h - 11 + 121. Calculate the remainder when 34 is divided by (6/7)/((-4)/h).
10
Suppose -5 = -0*l - 5*l, 2*l = 5*b - 18. What is the remainder when 2 is divided by 20/35*14/b?
0
Let z = 28 + -14. Calculate the remainder when 23 is divided by z.
9
Suppose 2*b + 2*b + 5*p - 30 = 0, -5*p - 50 = -4*b. Let f(y) = -y**2 + 12*y - 9. What is the remainder when 20 is divided by f(b)?
9
Let n = 8 - -6. What is the remainder when 52 is divided by n?
10
Suppose -2*q + 6 = -3*q. Suppose 0 = -2*l - 8 + 4. Let w = l - q. What is the remainder when 11 is divided by w?
3
Suppose -3*l = 2*g - 24, 0*l = 2*l - g - 16. Suppose -p = 2*p - 66. Calculate the remainder when p is divided by l.
6
Let g(y) = 12*y. Let v be g(3). Suppose 4*o - v = -4*x, 2*x + 4*o - 47 = -3*x. Calculate the remainder when x is divided by 7.
4
Let w = 2 + 49. What is the remainder when w is divided by 11?
7
Suppose 0*k = 3*k. Suppose -3*m = -k*m - 30. Let g(f) = f**2 - 2*f - 6. What is the remainder when g(-5) is divided by m?
9
Let k(v) = -v**2 - 14*v + 27. What is the remainder when k(-11) is divided by 7?
4
Let f be 1*(2 + -4 + 2). Let c(o) = o + 7. Calculate the remainder when 11 is divided by c(f).
4
Calculate the remainder when 97 is divided by (-15)/(10/40 - (-7)/(-4)).
7
Let h(m) = m + 2. Let v be h(6). Suppose 0*n = 4*n - v. Calculate the remainder when 29 is divided by 16 + 0 - 2/n.
14
Suppose 2*b = -k - 16 + 62, -b = k - 46. What is the remainder when k is divided by 12?
10
Let p(z) = z**3 - 5*z**2 + 5*z + 3. What is the remainder when 10 is divided by p(4)?
3
Let i = 17 + 6. Let q(t) = 3*t - 5. Let f be q(5). Let y = i - f. What is the remainder when y is divided by 5?
3
Suppose 0 = -5*f + 3*l + 110, 0 = 5*f + 5*l - 12 - 58. Suppose -3*u + 5*p + 161 = 0, 4*u + 2*p - f = 239. Calculate the remainder when u is divided by 21.
20
Suppose -3*s - t + 44 + 2 = 0, -2*s + 12 = -4*t. Suppose -w - 3*g = w - 60, -5*g + 10 = 0. Calculate the remainder when w is divided by s.
13
Let z = 65 - 9. Suppose -7*k = -3*k - z. Calculate the remainder when k is divided by 8.
6
Suppose -2*h + 6 = -2. Calculate the remainder when 5 is divided by h.
1
Let o = 14 - 10. Suppose -o*u + 0*u = -16, -3*q + 2*u + 31 = 0. Calculate the remainder when q is divided by 5.
3
Suppose 0*q - 12 = -q. What is the remainder when 34 is divided by q?
10
Let a(j) = -2*j + 8. What is the remainder when 63 is divided by a(-4)?
15
Calculate the remainder when 38 is divided by -3*(-3)/(-9) + 14.
12
Suppose 5*g + 2*t - 132 = -2*t, 2*t + 88 = 3*g. Calculate the remainder when g is divided by 8.
4
Suppose -b = -5*n + n + 13, 2*n + 4*b = 20. What is the remainder when 10 is divided by n?
2
Let s(v) be the third derivative of -v**6/120 + v**5/15 + v**4/8 - v**3/2 - 7*v**2. What is the remainder when 42 is divided by s(3)?
12
Let s(g) = 13*g**2 - 2*g - 3. Suppose 0 = -3*d + 7*d + 8. Suppose y + z - 13 = 0, -5*y + 2*z = -z - 73. Calculate the remainder when s(d) is divided by y.
11
Let f = -10 - -15. Suppose -f*h = -42 - 33. Calculate the remainder when h is divided by 6.
3
Suppose 36*g - 35*g = 29. What is the remainder when 56 is divided by g?
27
Let y(d) = -5*d. What is the remainder when 102 is divided by y(-3)?
12
Let y = -10 - -8. Let b = 20 - y. What is the remainder when 63 is divided by b?
19
Let u = -19 + 16. What is the remainder when -3*u*(-48)/(-27) is divided by 9?
7
Suppose -3*q + 2*j = -30, 23 = q + 2*j - 7*j. What is the remainder when 30 is divided by q?
6
Let l = -26 + 187. Calculate the remainder when l is divided by 27.
26
Let m = -7 - -8. Let j = m - -6. Calculate the remainder when j is divided by 5.
2
Suppose 0 = -2*g - 2*h + 38, g - h + 0*h = 9. Suppose -4*l = l - 3*x - 17, -2*x = -4*l + g. What is the remainder when 12 is divided by (-47)/(-7) + l/14?
5
What is the remainder when 41 is divided by -3 - 12/(-5) - 73/(-5)?
13
Suppose 3*u - 5*f = 24, -40 = 2*u - 7*u + 3*f. Calculate the remainder when 31 is divided by u.
7
Let j(n) = 4*n + 1. Suppose 4*o = -o + 20. Suppose o*u = u + 99. What is the remainder when u is divided by j(4)?
16
Suppose r + 5*w + 13 = 0, 4*r - 2*w - 88 + 30 = 0. Calculate the remainder when 57 is divided by r.
9
Let n(a) = -4 + a**2 - 2 + 6 + 4*a + 6. Suppose 2 - 8 = -t. What is the remainder when n(-5) is divided by t?
5
Let l = -13 - -19. Calculate the remainder when 9 is divided by l.
3
Let u = -47 - -93. Calculate the remainder when u is divided by 12.
10
Suppose 11*g = -216 + 1096. Calculate the remainder when g is divided by 27.
26
Let o = 53 + -30. Calculate the remainder when 43 is divided by o.
20
Let g(s) = -s + 7. Let r be g(5). Suppose 3*j = r*d - 22, d - 4*j - 34 = -13. What is the remainder when 14 is divided by d?
4
Let q(y) = 8*y**3 - y + 1. Let c = 1 + 1. Calculate the remainder when q(c) is divided by 13.
11
Suppose 4*y = -0*y - 24. Let o(q) = -q**3 + 6*q**2 + 2*q - 1. What is the remainder when (-149)/(-7) - y/(-21) is divided by o(6)?
10
Let t(a) = a**3 - 10*a**2 + 6*a + 39. Suppose x = -0*x - 30. Let d = 52 + x. Calculate the remainder when d is divided by t(9).
10
Suppose -4*t - 7 = -171. Calculate the remainder when t is divided by 21.
20
Let x(w) = -6*w - 2. Let o(m) = 2*m + 19. What is the remainder when o(6) is divided by x(-3)?
15
Let j(y) = 19*y + 1. Let b(h) = -h. Let q be b(-5). Suppose 0 = -q*c - 217 + 512. Calculate the remainder when c is divided by j(1).
19
Suppose -3*o - o - 104 = 0. Let q(l) = l - 2. What is the remainder when ((-2)/(-4))/((-1)/o) is divided by q(7)?
3
Let c = -18 - -22. Suppose c*n + 5*h = 2*h + 26, 44 = 5*n - 2*h. Calculate the remainder when n is divided by 3.
2
Let y = -9 + 16. Calculate the remainder when 20 is divided by y.
6
Suppose -5 = -3*o - o - u, -5*u + 25 = -5*o. Suppose o = 2*w + 3 - 89. What is the remainder when w is divided by 11?
10
Let l = -1 - -4. Let h be (0 - 0)*(1 + 0). Suppose 69 = l*w - h*w. Calculate the remainder when 45 is divided by w.
22
Let u(c) = -5*c**2 - 8*c - 5. Let k be u(-7). Let p = 274 + k. Calculate the remainder when p is divided by 27.
26
Calculate the remainder when (-1410)/(-27) + (-2)/9 is divided by 18.
16
Suppose h + 55 = -4*h. Let p(u) = -u**2 - 10*u + 11. Let a be p(h). Suppose -2*q + 0*q + 24 = a. What is the remainder when q is divided by 7?
5
Suppose 2*t + t = 0. Suppose 5*g = 3*i - 3, -i + 3 = -2*g + 2*i. Suppose a + g*a - 4 = t. What is the remainder when 6 is divided by a?
2
Let q be (-4)/(-14) + 2130/42. Let u = 71 - q. What is the remainder when 39 is divided by u?
19
Let i(a) = -a**3 - 4*a**2 - 2*a + 6. Let l be i(-5). Let q = 79 - l. Suppose 5 = -0*c - c, 3*k + 2*c - q = 0. What is the remainder when k is divided by 9?
7
Let w = -1 + 9. Let y = -5 - -8. What is the remainder when w is divided by y?
2
Let g = 42 - 21. Let x = g + -14. Suppose 4*y + 0*y + h = 48, -h = -4*y + 48. What is the remainder when y is divided by x?
5
Let d(c) = c**2 - 2*c + 9. What is the remainder when (1 + 0)*50/2 is divided by d(0)?
7
Suppose -2*s + 3*s - 4*j = 23, s - 5 = -2*j. Suppose -s*h - 6 = -13*h. Calculate the remainder when h is divided by 2.
1
Suppose 12 = 3*r + 2*v - 3*v, -4*r - 3 = 5*v. Calculate the remainder when 4 is divided by r.
1
Let i(m) = -m**2 + 6*m - 1. Let u be i(5). Let f = u - -3. Let z = f + 3. Calculate the remainder when 28 is divided by z.
8
Suppose -4*a - 78 = 2*w, 0 = -5*w + 4*w + 1. Let q = -13 - a. Suppose 0*d = 4*d - 12. What is the remainder when q is divided by d?
1
Let c = 10 - -13. What is the remainder when 44 is divided by c?
21
Let s = 111 - 77. Let g = 56 - s. What is the remainder when g is divided by 12?
10
Let d(s) = s**2 + s - 7. Calculate the remainder when (99 - 5) + (-5 - -1) is divided by d(-6).
21
Suppose 5*p - 6 - 38 = -3*q, -q + 38 = 5*p. Let c be